rime factors of 1760712847.
307, 5735221
What are the prime factors of 40669313?
23, 1768231
List the prime factors of 752634196.
2, 89, 2114141
List the prime factors of 23498992.
2, 11, 31, 59, 73
What are the prime factors of 34524868?
2, 7, 283, 4357
What are the prime factors of 1271452307?
29, 79, 554977
List the prime factors of 1792863948.
2, 3, 149405329
List the prime factors of 57995657.
19, 3052403
What are the prime factors of 301980853?
1279, 236107
What are the prime factors of 28282331?
7, 11, 89, 4127
List the prime factors of 44384195.
5, 17, 522167
What are the prime factors of 72572566?
2, 11, 887, 3719
What are the prime factors of 19265563?
19, 89, 11393
What are the prime factors of 1186832367?
3, 7, 151, 124759
What are the prime factors of 570688077?
3, 101, 1883459
What are the prime factors of 2307927425?
5, 92317097
What are the prime factors of 660011644?
2, 43, 233, 383
List the prime factors of 443884862.
2, 3253, 68227
List the prime factors of 45102310.
2, 5, 11, 23, 17827
What are the prime factors of 246068965?
5, 17, 2894929
What are the prime factors of 8109386?
2, 23, 29, 6079
What are the prime factors of 575881911?
3, 11, 5816989
What are the prime factors of 225111173?
7, 32158739
List the prime factors of 30186387.
3, 7, 11, 43, 1013
List the prime factors of 1928753211.
3, 7, 11, 8349581
List the prime factors of 24734637.
3, 19, 23, 331
What are the prime factors of 1272932126?
2, 636466063
List the prime factors of 731235215.
5, 139, 1052137
What are the prime factors of 88320882?
2, 3, 13, 17, 43, 1549
List the prime factors of 156260430.
2, 3, 5, 17, 41, 47, 53
What are the prime factors of 238624704?
2, 3, 191, 241
What are the prime factors of 117934711?
269, 438419
What are the prime factors of 33901222?
2, 71, 193, 1237
List the prime factors of 209139570.
2, 3, 5, 258197
List the prime factors of 119062502.
2, 13, 4579327
List the prime factors of 1170535726.
2, 11633, 50311
What are the prime factors of 2222728042?
2, 47, 79, 299317
List the prime factors of 6179676946.
2, 3089838473
List the prime factors of 12004644.
2, 3, 181, 5527
List the prime factors of 56260098.
2, 3, 3125561
List the prime factors of 2421632899.
7, 79, 4379083
List the prime factors of 81899090.
2, 5, 7, 13, 23, 43
List the prime factors of 261330191.
2311, 113081
What are the prime factors of 883188643?
4691, 188273
List the prime factors of 2521414557.
3, 280157173
List the prime factors of 105112384.
2, 13, 126337
List the prime factors of 43515784.
2, 13, 17, 151, 163
List the prime factors of 12960241.
7, 1851463
List the prime factors of 356812128.
2, 3, 137659
List the prime factors of 87125742.
2, 3, 11, 131, 3359
List the prime factors of 47120910.
2, 3, 5, 1570697
List the prime factors of 13519040.
2, 5, 83, 509
List the prime factors of 127506162.
2, 3, 7, 31, 97931
What are the prime factors of 2501358376?
2, 11, 17, 23, 139, 523
What are the prime factors of 15641553?
3, 47, 110933
List the prime factors of 945272782.
2, 349, 1049, 1291
List the prime factors of 1115171139.
3, 371723713
What are the prime factors of 1215538821?
3, 7, 19294267
What are the prime factors of 556675314?
2, 3, 13, 7136863
What are the prime factors of 369886861?
369886861
List the prime factors of 2565392848.
2, 31, 5172163
List the prime factors of 31798587.
3, 29, 317, 1153
What are the prime factors of 21918500?
2, 5, 59, 743
List the prime factors of 226062.
2, 3, 19, 661
List the prime factors of 790129119.
3, 13, 109, 185869
What are the prime factors of 1816076236?
2, 13, 163, 167, 1283
What are the prime factors of 2146852194?
2, 3, 29, 3361, 3671
List the prime factors of 38124557.
17, 311, 7211
What are the prime factors of 5056412100?
2, 3, 5, 59, 285673
What are the prime factors of 220338103?
1031, 213713
List the prime factors of 1119845231.
8501, 131731
List the prime factors of 84698583.
3, 409, 69029
What are the prime factors of 2164448932?
2, 769, 703657
What are the prime factors of 614230139?
614230139
List the prime factors of 101293856.
2, 881, 3593
What are the prime factors of 46489856?
2, 7, 25943
List the prime factors of 3095836177.
7, 442262311
List the prime factors of 185730649.
13, 293, 48761
List the prime factors of 65579077.
65579077
What are the prime factors of 1273930074?
2, 3, 70773893
What are the prime factors of 33687906?
2, 3, 7, 97, 8269
List the prime factors of 1306819631.
13, 17, 47, 125813
List the prime factors of 5961107701.
5961107701
List the prime factors of 49837342.
2, 19, 1311509
What are the prime factors of 288949711?
97, 103, 28921
What are the prime factors of 62064917?
62064917
What are the prime factors of 17226032?
2, 17, 63331
What are the prime factors of 25383418?
2, 563, 22543
List the prime factors of 1369356882.
2, 3, 733, 311359
List the prime factors of 3391394794.
2, 197, 8607601
List the prime factors of 4741932214.
2, 3023, 784309
What are the prime factors of 79194774?
2, 3, 19, 701, 991
List the prime factors of 213499973.
3967, 53819
List the prime factors of 71527169.
7, 1973, 5179
What are the prime factors of 953328252?
2, 3, 29, 61, 44909
What are the prime factors of 11193474?
2, 3, 1865579
List the prime factors of 138675678.
2, 3, 23112613
What are the prime factors of 129334001?
449, 288049
What are the prime factors of 2008571783?
1193, 1683631
What are the prime factors of 3758090947?
13, 29, 9968411
List the prime factors of 32243097.
3, 41, 262139
What are the prime factors of 538469831?
317, 1698643
List the prime factors of 57064547.
29, 337, 5839
List the prime factors of 34156334.
2, 23, 733, 1013
What are the prime factors of 5564312?
2, 13, 53503
What are the prime factors of 194518847?
194518847
What are the prime factors of 1646637928?
2, 13, 103, 153719
List the prime factors of 342255569.
19, 101, 178351
What are the prime factors of 79272000?
2, 3, 5, 367
List the prime factors of 18464288.
2, 577009
List the prime factors of 402301298.
2, 7, 28735807
What are the prime factors of 114266039?
53, 2155963
List the prime factors of 173276333.
19, 59, 154573
List the prime factors of 156828579.
3, 52276193
List the prime factors of 23525183.
11, 199, 977
What are the prime factors of 121124387?
29, 263, 15881
What are the prime factors of 641040873?
3, 11, 37, 525013
List the prime factors of 844620196.
2, 7, 439, 68713
What are the prime factors of 159628117?
11, 727, 19961
List the prime factors of 1867656.
2, 3, 7, 11117
List the prime factors of 106299097.
3643, 29179
What are the prime factors of 1776646269?
3, 197405141
List the prime factors of 1492800812.
2, 337, 1107419
What are the prime factors of 2250407784?
2, 3, 37, 2534243
What are the prime factors of 5039503395?
3, 5, 335966893
What are the prime factors of 288005348?
2, 72001337
List the prime factors of 101042426.
2, 709, 71257
List the prime factors of 148054946.
2, 13, 31, 183691
What are the prime factors of 33801646?
2, 19, 29, 37, 829
List the prime factors of 7679586060.
2, 3, 5, 19, 37, 60689
What are the prime factors of 1651510233?
3, 947, 193771
What are the prime factors of 3832213694?
2, 73, 26248039
What are the prime factors of 7747603327?
7747603327
What are the prime factors of 17484088?
2, 2185511
List the prime factors of 6033790.
2, 5, 7, 86197
What are the prime factors of 12114720?
2, 3, 5, 47, 179
What are the prime factors of 2685844748?
2, 53, 12669079
List the prime factors of 103269283.
13, 41, 193751
What are the prime factors of 42354969?
3, 1553, 9091
What are the prime factors of 1587307?
17, 93371
What are the prime factors of 3621016284?
2, 3, 9011, 33487
What are the prime factors of 5802550?
2, 5, 13, 79, 113
What are the prime factors of 36564264?
2, 3, 11, 1399
What are the prime factors of 759330501?
3, 61, 4149347
What are the prime factors of 400624604?
2, 37, 2706923
What are the prime factors of 46981105?
5, 631, 14891
List the prime factors of 1607930259.
3, 13, 29, 1421689
List the prime factors of 508539833.
3347, 151939
List the prime factors of 228938174.
2, 1609, 71143
What are the prime factors of 2468787784?
2, 239, 421, 3067
What are the prime factors of 645924140?
2, 5, 32296207
What are the prime factors 